{"id":11502,"date":"2019-03-21T15:20:48","date_gmt":"2019-03-21T20:20:48","guid":{"rendered":"https:\/\/soportehys.com\/web\/?page_id=11502"},"modified":"2023-08-10T15:59:36","modified_gmt":"2023-08-10T20:59:36","slug":"nuestro-colegio","status":"publish","type":"page","link":"https:\/\/elmontehoreb.edu.co\/web\/nuestro-colegio\/","title":{"rendered":"Nuestro Colegio"},"content":{"rendered":"<div class=\"wpb-content-wrapper\"><p>[vc_row][vc_column]<div class=\"thim-widget-heading template-base\"><div class=\"sc_heading  text-center\"><h3 style=\"font-size:35px;font-weight:600;\" class=\"title\">Informaci\u00f3n <strong>Institucional<\/strong><\/h3><\/div><\/div>[\/vc_column][\/vc_row][vc_row css=&#8221;.vc_custom_1559531433775{margin-bottom: 15px !important;}&#8221;][vc_column width=&#8221;1\/2&#8243; css=&#8221;.vc_custom_1553219212365{margin-bottom: 30px !important;}&#8221;][vc_column_text]<\/p>\n<h3 class=\"thim-text-title\">Misi\u00f3n<\/h3>\n<p>Somos una instituci\u00f3n privada en los niveles acad\u00e9micos\u00a0 de Preescolar (Pre jard\u00edn, jard\u00edn y Transici\u00f3n); B\u00e1sica (Primaria y\u00a0 Secundaria); media acad\u00e9mica, bachillerato por ciclos y formaci\u00f3n t\u00e9cnica laboral que orienta a la poblaci\u00f3n en una\u00a0 educaci\u00f3n en valores; contribuyendo a su desarrollo integral fundamentado en su proceso de aprendizaje en el emprendimiento, solidaridad y superaci\u00f3n: con un \u201c\u00c9nfasis en Formaci\u00f3n Para la Vida\u201d.[\/vc_column_text][\/vc_column][vc_column width=&#8221;1\/2&#8243; css=&#8221;.vc_custom_1553219224890{margin-bottom: 30px !important;}&#8221;][vc_column_text]<\/p>\n<h3 class=\"thim-text-title\">Visi\u00f3n<\/h3>\n<p>Para el a\u00f1o 2030 la instituci\u00f3n educativa CORPORACI\u00d3N EL MONTE DEL HOREB, ser\u00e1 reconocida a nivel local, departamental y nacional por su PEI, basado en la exigencia acad\u00e9mica, con un mejoramiento continuo, abierto a la diversidad, fundamentado en valores: sociales, econ\u00f3micos y culturales. Siendo competentes para el fomento del esp\u00edritu empresarial y en la formaci\u00f3n integral, teniendo en cuenta las exigencias de la \u00e9poca. \u201cFORMANDO CIUDADANOS INTEGRALES CON CALIDAD HUMANA\u201d.[\/vc_column_text][\/vc_column][\/vc_row][vc_row][vc_column][vc_tta_tabs][vc_tta_section title=&#8221;LEMA&#8221; tab_id=&#8221;1553202116208-8d028f78-28a5&#8243;][vc_column_text]<\/p>\n<h3 class=\"thim-text-title\">FORMANDO PARA LA VIDA<\/h3>\n<p>La INSTITUCION EDUCATIVA CORPORACION EL MONTE DEL HOREB; quiere construir un legado basado en la formaci\u00f3n espiritual, acad\u00e9mica, social que le permita a sus educandos aprender a pensar, aprender a aprender, aprender a convivir, aprender a hacer, aprender a ser, aprender a administrar y as\u00ed poder obtener buenos resultados para servir como DIOS manda creciendo en armon\u00eda. Un lugar donde todos aprenden, es decir, una \u201ccomunidad de aprendizaje basada en valores\u201d.<\/p>\n<p>[\/vc_column_text][\/vc_tta_section][vc_tta_section title=&#8221;PRINCIPIOS Y VALORES&#8221; tab_id=&#8221;1553201553639-a4a157b2-0618&#8243;][vc_column_text]La comunidad educativa \u201cCORPORACION EL MONTE DEL HOREB\u201d;\u00a0\u00a0 se caracteriza por la vivencia de los principios y valores como:<\/p>\n<ul>\n<li><strong><em>AMOR<\/em><\/strong><\/li>\n<li><strong><em>JUSTICIA<\/em><\/strong><\/li>\n<li><strong><em>SERVICIO<\/em><\/strong><\/li>\n<li><strong><em>LIBERTAD<\/em><\/strong><\/li>\n<\/ul>\n<p>[\/vc_column_text][\/vc_tta_section][vc_tta_section title=&#8221;FILOSOF\u00cdA&#8221; tab_id=&#8221;1553201553661-4cb8a9a4-11b5&#8243;][vc_column_text]Para nuestra Instituci\u00f3n, la funci\u00f3n esencial de la educaci\u00f3n es la de formar a los estudiantes, orient\u00e1ndolos hacia la b\u00fasqueda de la verdad, pero que puedan hacerse hombres y mujeres libres y pensantes, que aporten a trav\u00e9s de sus juicios; que expresen sentimientos y que desplieguen imaginaci\u00f3n de manera que potencien sus talentos hacia la plenitud y puedan ser art\u00edfices de su propio destino y de la transformaci\u00f3n del mundo. Para hacer realidad nuestra misi\u00f3n, en el Proyecto Educativo Institucional (PEI), se implementa una nueva cultura institucional en la que se definen principios que caracterizan e identifican a la comunidad educativa de la CORPORACION EL MONTE DEL HOREB: \u201cFORMACI\u00d3N PARA LA VIDA\u201d: EMPRENDIMIENTO, SOLIDARIDAD Y SUPERACI\u00d3N.[\/vc_column_text][\/vc_tta_section][vc_tta_section title=&#8221;RESE\u00d1A HISTORICA&#8221; tab_id=&#8221;1691684799266-4c012964-05dd&#8221;][vc_column_text]Seg\u00fan el derecho internacional, los objetivos de la educaci\u00f3n incluyen \u201cel pleno desarrollo de la personalidad humana y del sentido de su dignidad\u201d y \u201ccapacitar a todas las personas para participar efectivamente en una sociedad libre\u201d. La educaci\u00f3n de los ni\u00f1os no basta para alcanzar estos objetivos (ni los otros objetivos de la educaci\u00f3n bajo el derecho internacional). Por lo tanto, el derecho a la educaci\u00f3n reconoce la importancia de la educaci\u00f3n como un proceso de toda la vida. Los primeros a\u00f1os son fundamentales para este proceso, donde cada nivel de educaci\u00f3n sienta las bases para la educaci\u00f3n posterior a lo largo de toda la vida de la persona.<\/p>\n<p>El aprendizaje y la educaci\u00f3n es un componente b\u00e1sico del derecho a la educaci\u00f3n y el aprendizaje a lo largo de toda la vida. Comprende \u201ctodas las formas de educaci\u00f3n y aprendizaje cuya finalidad es lograr que todos participen en sus sociedades.<\/p>\n<p>Teniendo en cuenta lo anterior y queriendo hacer parte de cambios de vida a trav\u00e9s de la educaci\u00f3n un grupo de formadores el d\u00eda 9 de agosto del a\u00f1o 2022; deciden crear la Instituci\u00f3n Educativa EL MONTE DEL HOREB; teniendo como punto de partida una promesa establecida y decretada por Dios, donde los tiempos son de nuestro creador.<\/p>\n<p>Conocedores que a trav\u00e9s de los procesos de ense\u00f1anza aprendizaje de ni\u00f1os, ni\u00f1as, adolescentes, j\u00f3venes, adultos se forman vidas buscamos SERVIR de una manera integral donde no solo se adquieren conocimientos sino tambi\u00e9n se retoman a los dise\u00f1os de Dios y al prop\u00f3sito establecido convirtiendo la educaci\u00f3n en inclusi\u00f3n social.<\/p>\n<p>Premisas como Emprendimiento, Solidaridad Y Superaci\u00f3n; hacen de este proyecto educativo un nuevo comienzo, una oportunidad para bendecir a todos aquellos que formaran la familia EL MONTE DEL HOREB.<\/p>\n<p>Los fundadores de la INSTITUCION EDUCATIVA CORPORACION EL MONTE DEL HOREB; agradecen a Dios y este proyecto educativo es de EL y para EL.[\/vc_column_text][\/vc_tta_section][\/vc_tta_tabs][\/vc_column][\/vc_row][vc_row][vc_column]<div class=\"thim-widget-heading template-base\"><div class=\"sc_heading  \"><h3 class=\"title\">S\u00cdMBOLOS <strong>INSTITUCIONALES<\/strong><\/h3><span class=\"line\"><\/span><\/div><\/div>[\/vc_column][\/vc_row][vc_row][vc_column width=&#8221;7\/12&#8243;][vc_column_text]<\/p>\n<h3 class=\"thim-text-title\">Bandera<\/h3>\n<p><img loading=\"lazy\" decoding=\"async\" class=\"alignleft\" src=\"https:\/\/elmontehoreb.edu.co\/web\/wp-content\/uploads\/2023\/08\/image003-300x176.png\" width=\"300\" height=\"176\" \/><i><\/i><\/p>\n<p>Nuestra bandera est\u00e1 conformada por los colores: verde, amarillo y azul y el escudo de la instituci\u00f3n educativa.<\/p>\n<p>Cada color tiene un significado que busca valores en nuestros educandos para ser FORMADOS PARA LA VIDA:<\/p>\n<p><strong><em>Verde<\/em><\/strong>: color del monte EL MONTE DEL HOREB; Es considerado el color que da paz, de revelaci\u00f3n de pacto, color de esperanza, de cambio, de promesa.<\/p>\n<p><strong><em>Amarillo<\/em><\/strong>: color de presencia manifiesta, de alegr\u00eda, de indicaciones. Representa el fuego que consume lo negativo para que empiece un renacer.<\/p>\n<p><strong><em>Azul<\/em><\/strong>: color que representa inmensidad, grandeza, tiempo de j\u00fabilo y de paz.<\/p>\n<p><i>\u00a0<\/i>[\/vc_column_text][\/vc_column][vc_column width=&#8221;5\/12&#8243;][vc_column_text]<\/p>\n<h3 class=\"thim-text-title\">ESCUDO<\/h3>\n<p><img loading=\"lazy\" decoding=\"async\" class=\"aligncenter\" src=\"https:\/\/elmontehoreb.edu.co\/web\/wp-content\/uploads\/2023\/08\/escudo.png\" width=\"303\" height=\"303\" \/>[\/vc_column_text][\/vc_column][\/vc_row][vc_row full_width=&#8221;stretch_row_content&#8221; css=&#8221;.vc_custom_1691683621209{background-color: #f8d9a8 !important;}&#8221;][vc_column][vc_row_inner][vc_column_inner]<div class=\"thim-widget-heading template-base\"><div class=\"sc_heading  text-center\"><h3 class=\"title\"><strong>Himno<\/strong> Institucional<\/h3><span class=\"line\"><\/span><\/div><\/div>[\/vc_column_inner][\/vc_row_inner][vc_row_inner][vc_column_inner width=&#8221;1\/3&#8243;]<div class=\"thim-widget-heading template-base\"><div class=\"sc_heading  text-center\"><h3 class=\"title\">CORO<\/h3><span class=\"line\"><\/span><\/div><\/div>[vc_column_text]<\/p>\n<p style=\"text-align: center;\">Oh, Dios de poder lumina<br \/>\nNuestra mente y coraz\u00f3n<br \/>\nPara dar a todo aquel<br \/>\nLa mejor, la mejor educaci\u00f3n<\/p>\n<p>[\/vc_column_text]<div class=\"thim-widget-heading template-base\"><div class=\"sc_heading  text-center\"><h3 class=\"title\">I<\/h3><span class=\"line\"><\/span><\/div><\/div>[vc_column_text]<\/p>\n<p style=\"text-align: center;\">Con virtud paciencia y amor<br \/>\nCon el alma y coraz\u00f3n<br \/>\nImpartiendo saber y cultura<br \/>\nBajo el mandato de Dios<\/p>\n<p>[\/vc_column_text][\/vc_column_inner][vc_column_inner width=&#8221;1\/3&#8243;]<div class=\"thim-widget-heading template-base\"><div class=\"sc_heading  text-center\"><h3 class=\"title\">II<\/h3><span class=\"line\"><\/span><\/div><\/div>[vc_column_text]<\/p>\n<p style=\"text-align: center;\">En el docente est\u00e1 la ense\u00f1anza<br \/>\nY en Dios la sabidur\u00eda<br \/>\nEl valor moral compromiso<br \/>\nSer\u00e1n tu proyecto de vida<\/p>\n<p>[\/vc_column_text]<div class=\"thim-widget-heading template-base\"><div class=\"sc_heading  text-center\"><h3 class=\"title\">III<\/h3><span class=\"line\"><\/span><\/div><\/div>[vc_column_text]<\/p>\n<p style=\"text-align: center;\">El camino del estudiante<br \/>\nEn el aula es el saber<br \/>\nComo guerrero esforzado y valiente<br \/>\nCumplira con su deber<\/p>\n<p>[\/vc_column_text][\/vc_column_inner][vc_column_inner width=&#8221;1\/3&#8243;]<div class=\"thim-widget-heading template-base\"><div class=\"sc_heading  text-center\"><h3 class=\"title\">IV<\/h3><span class=\"line\"><\/span><\/div><\/div>[vc_column_text]<\/p>\n<p style=\"text-align: center;\">En la corporaci\u00f3n el monte del horeb<br \/>\nEncontraras la mejor gu\u00eda<br \/>\nQue te ayudara alcanzar<br \/>\n&#8220;esa meta prometida\u201d (bis)<\/p>\n<p>[\/vc_column_text][\/vc_column_inner][\/vc_row_inner][\/vc_column][\/vc_row]<\/p>\n<\/div>","protected":false},"excerpt":{"rendered":"<p>[vc_row][vc_column][\/vc_column][\/vc_row][vc_row css=&#8221;.vc_custom_1559531433775{margin-bottom: 15px !important;}&#8221;][vc_column width=&#8221;1\/2&#8243; css=&#8221;.vc_custom_1553219212365{margin-bottom: 30px !important;}&#8221;][vc_column_text] Misi\u00f3n Somos una instituci\u00f3n privada en los niveles acad\u00e9micos\u00a0 de Preescolar (Pre jard\u00edn, jard\u00edn y Transici\u00f3n); B\u00e1sica (Primaria y\u00a0 Secundaria); media acad\u00e9mica, bachillerato por ciclos y formaci\u00f3n t\u00e9cnica laboral que orienta a &hellip; <\/p>\n","protected":false},"author":1,"featured_media":0,"parent":0,"menu_order":0,"comment_status":"closed","ping_status":"closed","template":"","meta":{"footnotes":""},"class_list":["post-11502","page","type-page","status-publish","hentry"],"_links":{"self":[{"href":"https:\/\/elmontehoreb.edu.co\/web\/wp-json\/wp\/v2\/pages\/11502","targetHints":{"allow":["GET"]}}],"collection":[{"href":"https:\/\/elmontehoreb.edu.co\/web\/wp-json\/wp\/v2\/pages"}],"about":[{"href":"https:\/\/elmontehoreb.edu.co\/web\/wp-json\/wp\/v2\/types\/page"}],"author":[{"embeddable":true,"href":"https:\/\/elmontehoreb.edu.co\/web\/wp-json\/wp\/v2\/users\/1"}],"replies":[{"embeddable":true,"href":"https:\/\/elmontehoreb.edu.co\/web\/wp-json\/wp\/v2\/comments?post=11502"}],"version-history":[{"count":10,"href":"https:\/\/elmontehoreb.edu.co\/web\/wp-json\/wp\/v2\/pages\/11502\/revisions"}],"predecessor-version":[{"id":12051,"href":"https:\/\/elmontehoreb.edu.co\/web\/wp-json\/wp\/v2\/pages\/11502\/revisions\/12051"}],"wp:attachment":[{"href":"https:\/\/elmontehoreb.edu.co\/web\/wp-json\/wp\/v2\/media?parent=11502"}],"curies":[{"name":"wp","href":"https:\/\/api.w.org\/{rel}","templated":true}]}}